 of 1411.
17, 83
What are the prime factors of 4651?
4651
What are the prime factors of 11993?
67, 179
What are the prime factors of 13066?
2, 47, 139
What are the prime factors of 9324?
2, 3, 7, 37
List the prime factors of 2966.
2, 1483
What are the prime factors of 13773?
3, 4591
List the prime factors of 88194.
2, 3, 14699
What are the prime factors of 15287?
15287
List the prime factors of 31390.
2, 5, 43, 73
List the prime factors of 2123.
11, 193
What are the prime factors of 90248?
2, 29, 389
List the prime factors of 42442.
2, 21221
What are the prime factors of 148?
2, 37
What are the prime factors of 3181?
3181
List the prime factors of 27265.
5, 7, 19, 41
What are the prime factors of 2314?
2, 13, 89
What are the prime factors of 15578?
2, 7789
List the prime factors of 12629.
73, 173
What are the prime factors of 2330?
2, 5, 233
List the prime factors of 27145.
5, 61, 89
What are the prime factors of 1099?
7, 157
What are the prime factors of 42284?
2, 11, 31
What are the prime factors of 49014?
2, 3, 7, 389
What are the prime factors of 651?
3, 7, 31
What are the prime factors of 6213?
3, 19, 109
List the prime factors of 1216.
2, 19
What are the prime factors of 9906?
2, 3, 13, 127
What are the prime factors of 200?
2, 5
What are the prime factors of 5307?
3, 29, 61
What are the prime factors of 365?
5, 73
What are the prime factors of 11350?
2, 5, 227
What are the prime factors of 2600?
2, 5, 13
List the prime factors of 251.
251
List the prime factors of 1143.
3, 127
List the prime factors of 6183.
3, 229
What are the prime factors of 1604?
2, 401
What are the prime factors of 17159?
17159
List the prime factors of 2730.
2, 3, 5, 7, 13
List the prime factors of 1304.
2, 163
What are the prime factors of 115186?
2, 57593
What are the prime factors of 21017?
21017
List the prime factors of 11140.
2, 5, 557
List the prime factors of 149045.
5, 13, 2293
What are the prime factors of 10264?
2, 1283
What are the prime factors of 7634?
2, 11, 347
List the prime factors of 41050.
2, 5, 821
List the prime factors of 230.
2, 5, 23
List the prime factors of 69565.
5, 13913
List the prime factors of 813.
3, 271
List the prime factors of 72388.
2, 18097
What are the prime factors of 1039?
1039
What are the prime factors of 5290?
2, 5, 23
What are the prime factors of 29046?
2, 3, 47, 103
List the prime factors of 11757.
3, 3919
List the prime factors of 1397.
11, 127
List the prime factors of 156947.
7, 3203
What are the prime factors of 534?
2, 3, 89
What are the prime factors of 27875?
5, 223
What are the prime factors of 5012?
2, 7, 179
What are the prime factors of 605?
5, 11
What are the prime factors of 14477?
31, 467
What are the prime factors of 7881?
3, 37, 71
List the prime factors of 32.
2
List the prime factors of 112089.
3, 37363
What are the prime factors of 5295?
3, 5, 353
List the prime factors of 4051.
4051
What are the prime factors of 49721?
7, 7103
List the prime factors of 739.
739
List the prime factors of 1273.
19, 67
What are the prime factors of 18693?
3, 31, 67
What are the prime factors of 7464?
2, 3, 311
List the prime factors of 16906.
2, 79, 107
What are the prime factors of 5160?
2, 3, 5, 43
What are the prime factors of 524?
2, 131
List the prime factors of 11960.
2, 5, 13, 23
What are the prime factors of 299?
13, 23
List the prime factors of 10677.
3, 3559
What are the prime factors of 64364?
2, 16091
What are the prime factors of 30700?
2, 5, 307
List the prime factors of 58.
2, 29
What are the prime factors of 62379?
3, 29, 239
What are the prime factors of 2570?
2, 5, 257
List the prime factors of 56197.
56197
List the prime factors of 2253.
3, 751
List the prime factors of 1156.
2, 17
What are the prime factors of 1939?
7, 277
What are the prime factors of 12974?
2, 13, 499
List the prime factors of 42572.
2, 29, 367
List the prime factors of 1631.
7, 233
What are the prime factors of 7146?
2, 3, 397
List the prime factors of 1075.
5, 43
What are the prime factors of 1950?
2, 3, 5, 13
List the prime factors of 1752.
2, 3, 73
What are the prime factors of 19542?
2, 3, 3257
List the prime factors of 696.
2, 3, 29
List the prime factors of 904.
2, 113
List the prime factors of 1032.
2, 3, 43
List the prime factors of 685.
5, 137
List the prime factors of 4405.
5, 881
List the prime factors of 1042.
2, 521
List the prime factors of 13085.
5, 2617
List the prime factors of 30271.
30271
What are the prime factors of 6760?
2, 5, 13
List the prime factors of 18055.
5, 23, 157
What are the prime factors of 17944?
2, 2243
What are the prime factors of 58392?
2, 3, 811
What are the prime factors of 5133?
3, 29, 59
What are the prime factors of 17194?
2, 8597
List the prime factors of 35494.
2, 17747
What are the prime factors of 10110?
2, 3, 5, 337
What are the prime factors of 675?
3, 5
What are the prime factors of 263?
263
What are the prime factors of 94461?
3, 23, 37
What are the prime factors of 469?
7, 67
List the prime factors of 9417.
3, 43, 73
List the prime factors of 113130.
2, 3, 5, 419
What are the prime factors of 29048?
2, 3631
List the prime factors of 61417.
61417
List the prime factors of 42379.
42379
List the prime factors of 3940.
2, 5, 197
What are the prime factors of 17656?
2, 2207
What are the prime factors of 13404?
2, 3, 1117
List the prime factors of 1819.
17, 107
List the prime factors of 4250.
2, 5, 17
What are the prime factors of 2860?
2, 5, 11, 13
What are the prime factors of 3112?
2, 389
What are the prime factors of 42655?
5, 19, 449
What are the prime factors of 18946?
2, 9473
What are the prime factors of 1112?
2, 139
What are the prime factors of 76709?
79, 971
List the prime factors of 2140.
2, 5, 107
What are the prime factors of 21572?
2, 5393
List the prime factors of 10185.
3, 5, 7, 97
List the prime factors of 883.
883
List the prime factors of 504.
2, 3, 7
What are the prime factors of 2899?
13, 223
List the prime factors of 1130.
2, 5, 113
What are the prime factors of 98266?
2, 7, 7019
What are the prime factors of 12617?
11, 31, 37
What are the prime factors of 137514?
2, 3, 13, 41, 43
What are the prime factors of 2613?
3, 13, 67
What are the prime factors of 706?
2, 353
What are the prime factors of 1742?
2, 13, 67
List the prime factors of 16708.
2, 4177
What are the prime factors of 9022?
2, 13, 347
List the prime factors of 637.
7, 13
List the prime factors of 4077.
3, 151
What are the prime factors of 6288?
2, 3, 131
What are the prime factors of 6638?
2, 3319
What are the prime factors of 135735?
3, 5, 9049
What are the prime factors of 773?
773
What are the prime factors of 192?
2, 3
List the prime factors of 29911.
7, 4273
List the prime factors of 5270.
2, 5, 17, 31
List the prime factors of 890.
2, 5, 89
List the prime factors of 118600.
2, 5, 593
List the prime factors of 777.
3, 7, 37
What are the prime factors of 1453?
1453
List the prime factors of 1704.
2, 3, 71
What are the prime factors of 86808?
2, 3, 3617
What are the prime factors of 5208?
2, 3, 7, 31
List the prime factors of 92641.
92641
What are the prime factors of 4089?
3, 29, 47
What are the prime factors of 474?
2, 3, 79
What are the prime factors of 7557?
3, 11, 229
List the prime factors of 2259.
3, 251
What are the prime factors of 18336?
2, 3, 191
What are the prime factors of 3394?
2, 1697
List the prime factors of 914.
2, 457
List the prime factors of 2105.
5, 421
What are the prime factors of 5381?
5381
What are the prime factors of 47548?
2, 11887
What are the prime factors of 551?
19, 29
What are the prime factors of 1735?
5, 347
List the prime factors of 6184.
2, 773
What are the prime factors of 129119?
129119
List the prime factors of 8158.
2, 4079
What are the prime factors of 1608?
2, 3, 67
What are the prime factors of 1284?
2, 3, 107
What are the prime factors of 69253?
23, 3011
List the prime factors of 29459.
89, 331
What are the prime factors of 3257?
3257
What are the prime factors of 38?
2, 19
What are the prime factors of 5891?
43, 137
What are the prime factors of 5593?
7, 17, 47
What are the prime factors of 765?
3, 5, 17
List the prime factors of 51055.
5, 10211
List the prime factors of 7222.
2, 23, 157
What are the prime factors of 3516?
2, 3, 293
List the